 5*q - 8. Let v be h(z). Calculate the greatest common divisor of 47 and v.
47
Let u = 26 + -10. Suppose -6 = 3*r, u*g = 17*g + 5*r - 71. What is the highest common divisor of g and 1539?
81
Suppose 72*o = 44*o + 49*o - 12852. What is the highest common factor of 1476 and o?
36
Suppose 0 = 3*s - 3*k - 135 - 387, -4*k + 816 = 5*s. What is the highest common divisor of 7 and s?
7
Let m(p) = p**2 + 45*p + 459. Let x be m(-32). Calculate the highest common factor of x and 473.
43
Let n(b) = -b**3 - 13*b**2 + 33*b - 12. Let w be n(-15). Let u = w - -69. Calculate the highest common factor of 60 and u.
12
Suppose -220*q + 217*q = 5*f - 39, 2*q = 4*f - 40. Let o(d) = d**3 - 3*d**2 - 3*d + 5. Let g be o(4). What is the greatest common factor of g and f?
9
Let o = -9166 - -14942. Calculate the highest common divisor of o and 16.
16
Let j = 28578 - 28362. Calculate the highest common factor of 6183 and j.
27
Let x = -63 - -66. Suppose -60 = x*k - 18*k. Calculate the highest common divisor of k and 36.
4
Let r(h) = 8*h**2 + 7*h + 18. Let i be r(-4). Suppose 2 = -4*t + i. Suppose t*z - 34*z + 95 = 0. What is the greatest common factor of z and 19?
19
Let i = 1076933 - 1076926. Let j = -16 + 8. Let n(k) = k**3 + 8*k**2 - 7*k. Let b be n(j). Calculate the greatest common factor of b and i.
7
Let g = -48 - -93. Suppose 0 = -49*k - 15*k - 23*k + 3132. What is the highest common divisor of g and k?
9
Let h(u) = 2*u**2 + 18*u + 20. Suppose 0 = -3*f - 6, -f - 1 = -c - 2*f. Suppose -c*t - 20 = 19. Let w be h(t). Calculate the greatest common factor of 31 and w.
31
Suppose 0 = 3*r + c + 121 - 424, -2*r + 3*c + 169 = 0. Calculate the highest common factor of r and 34349.
49
Suppose 49*i - 6*i - 1128 = 19*i. What is the highest common factor of 6157 and i?
47
Let t(u) = -3*u**3 + 31*u**2 + 23*u - 1. Let p be t(11). Let z be (3 + 57*6)*8/p. Calculate the highest common divisor of 23 and z.
23
Let w(g) = 8*g + 2. Let y be w(16). Suppose 10*t - y = 440. Calculate the highest common divisor of 3 and t.
3
Let h(c) = -25*c - 83. Let r be h(-19). Let n = -308 + r. What is the highest common factor of 546 and n?
42
Let f(n) = n**3 + n**2 + n - 1. Let v be f(-2). Suppose w - 5*i + 56 = 23, -3*w - 88 = -4*i. Let b = v - w. What is the greatest common divisor of b and 14?
7
Let j(r) = -4*r - 28. Let z be j(-17). Suppose -5*q - 3*v = 2*v - 105, -q = -3*v - 17. Calculate the greatest common factor of q and z.
20
Let g(t) = 3*t + 9. Let q be g(-4). Let n = 11 + q. Suppose -3*v + 5 = -8*v, v = 5*l - 41. Calculate the highest common divisor of l and n.
8
Let b(v) = v**3 - 17*v**2 + 37*v - 28. Let c be b(15). Calculate the highest common factor of c and 385.
77
Suppose -63 = 9*w - 12*w. Let i = 20 + -13. Calculate the greatest common divisor of w and i.
7
Let w(x) = 4*x**2 - 198*x + 472. Let k be w(47). What is the highest common divisor of 275 and k?
1
Suppose 2*l + 77 = -0*f + f, 4*f + 3*l - 264 = 0. Suppose -f = 2*t - 97. What is the greatest common divisor of 35 and t?
7
Suppose -32 = 49*f - 51*f. Suppose 2*y - 6*y = -f. What is the highest common factor of y and 16?
4
Suppose 106 - 172 = -s - 2*u, -207 = -3*s - 3*u. What is the greatest common divisor of 1000 and s?
8
Let l = -274 - -74. Let x = -155 - l. Calculate the greatest common divisor of 60 and x.
15
Suppose 0 = 5*b + 5*i - 180, -3*i - 58 = -49. What is the highest common divisor of b and 182?
13
Let o(m) = m**3 - 3*m + 2. Let j be o(0). Suppose -j*u - 336 = -g, -6 = -3*u - 15. Calculate the highest common divisor of g and 30.
30
Let o(g) = 4*g**3 + g**2. Let m be o(1). Suppose -m*t = -15 + 5. Suppose 280*h + 322*h = 221*h + 3048. Calculate the greatest common factor of h and t.
2
Let r = 3813 + -3672. Calculate the greatest common divisor of r and 5217.
141
Suppose -3*c + 23 = 2. Suppose 124*n - 1535 = 1069. What is the highest common factor of c and n?
7
Let d be 16/(-14)*(-7 - 1379/2). Let y = d + -701. Calculate the greatest common divisor of 35 and y.
5
Suppose 129 = -62*g + 61*g. Let j = g + 250. What is the highest common divisor of j and 11?
11
Suppose 2*c = -10*c + 180. Let f be 2 + -5 + 5 + 3. Suppose -8 = -f*z + 22. Calculate the highest common factor of c and z.
3
Suppose -8*n + 1838 - 158 = 0. Calculate the highest common factor of 182 and n.
14
Let t = 20064 + -20055. Calculate the highest common divisor of t and 192.
3
Let l = -6092 + 6168. Calculate the highest common factor of l and 64.
4
Suppose -106665 - 108876 = -81*d. What is the greatest common factor of 6 and d?
3
Suppose 13*b - 104 = 13. Let f = -20 + 21. What is the highest common factor of b and f?
1
Let q(u) = -113*u - 185. Let g be q(-2). What is the highest common factor of 7421 and g?
41
Let h = 487 + 406. Suppose 4*s + 30*u - 32*u = 176, -2*u - 35 = -s. What is the highest common factor of s and h?
47
Suppose g - 136 = 79. Suppose 4*i - 4*k - 316 = 0, 3*i = -k + 34 + g. Calculate the highest common factor of 41 and i.
41
Let x(q) = -42*q - 6. Let j be x(-1). Let u(a) = -2 - 14*a + 15*a - 3. Let h be u(14). What is the greatest common factor of h and j?
9
Let h(x) = 1681*x - 2015. Let i be h(12). What is the greatest common factor of i and 67?
67
Let b(n) = -55*n + 62*n + 6 + 2 + 0. Let z be b(11). Suppose 4 = -4*s, -t - t = 5*s - z. What is the highest common factor of t and 75?
15
Suppose -4*c + 42 = 2*l + 14, 4*l = 4*c - 4. Let k(s) = -s**3 - 8*s**2 - 10*s. Let b be k(-8). What is the greatest common factor of c and b?
5
Let q = -233 + 273. Suppose -q*t + 578 = -6*t. Calculate the greatest common factor of 119 and t.
17
Let y be ((-23)/(92/(-96)))/2. Let w be (-3)/(-2) + 18/y - -42. Calculate the greatest common factor of 60 and w.
15
Let s(z) = 73*z**2 + 5*z + 9. Let k be s(-2). Calculate the highest common divisor of 2231 and k.
97
Suppose g - 1472 = 3*y - 162, 9*y - 6742 = -5*g. What is the greatest common factor of 115 and g?
23
Let d = 1240 - 712. Calculate the highest common divisor of 2928 and d.
48
Let y be 0/2 + (130 - (-50)/(-10)). Let i be 3 + -3 - (-1 - 64). Let m = y - i. Calculate the greatest common divisor of 20 and m.
20
Let f be (442/(-104))/(((-2)/16)/((-2)/(-2))). Calculate the highest common divisor of f and 2873.
17
Suppose 0 = -4*d - 2*o - 286, -d - 34 = 3*o + 35. Let v = d + 75. Calculate the greatest common divisor of 27 and v.
3
Suppose -650*c = -660*c + 900. Suppose -c*r + 182 = -83*r. What is the greatest common divisor of 117 and r?
13
Suppose 0 = -j - 0*j - 13*z + 6926, 4*j - 2*z = 27596. What is the greatest common factor of 120 and j?
60
Let v be (-16750)/(-536) + 57/12. What is the greatest common divisor of 42102 and v?
18
Let n(w) = 3817*w**2 - w - 5. Let o be n(1). Calculate the greatest common divisor of 37 and o.
37
Let w = -11 - -73. Let o = w - 55. Suppose -6 + 41 = o*c. What is the highest common factor of 5 and c?
5
Suppose 4*y - 24 = -4, 0 = -2*h - y + 15. Suppose -h*o + 17 = 7. Let s(g) = 4*g**2 + 5*g - 12. Let d be s(o). What is the highest common divisor of d and 98?
14
Suppose -2*a + 9685 = 3*w, 4*a = -1256*w + 1254*w + 19398. Calculate the greatest common divisor of 23 and a.
23
Suppose x = 4*l - 0*x - 4855, 2*l - 2*x = 2420. What is the greatest common divisor of l and 25?
5
Let p(s) = s**3 - 5*s**2 + 4*s - 16. Let a be p(5). Let f be 30 + -10 + 4 + (a - 2). Calculate the greatest common factor of 91 and f.
13
Suppose 76 = -5*l - 44. Let w = l - -28. Suppose 3*t - 32 = 2*n, -5*t + 3*t - 4*n = 0. Calculate the greatest common divisor of t and w.
4
Let y = -230 + 228. Let k be y*10/(-20) + 454. What is the greatest common divisor of 35 and k?
35
Suppose 0 = -4*j - 173*c + 177*c + 1216, 0 = j + 4*c - 304. What is the highest common divisor of j and 16?
16
Suppose -2*y + 4*j + 24 = 0, -116*j = -y - 118*j + 16. What is the greatest common factor of 2 and y?
2
Let l be -49*(-1)/(14/12). Suppose -46 = s - 19*s + 62. Calculate the highest common divisor of s and l.
6
Let o = -11181 + 22108. What is the greatest common divisor of 892 and o?
223
Let j be (-1 + -1)/((-1)/9*2). Suppose 0 = j*o - 8 - 199. Calculate the greatest common divisor of 230 and o.
23
Suppose -4*z = 3*a - 636, z + a - 146 = -3*a. Let k = 29346 + -29344. Calculate the greatest common factor of z and k.
2
Suppose 11*i - 128 